n v is divided by 31?
20
Suppose 0*o - 2*o + 2 = 0. Let x(a) = 30*a - 1. Let y(t) = -9*t**3 - t**2 - t - 1. What is the remainder when x(o) is divided by y(-1)?
5
Suppose 4*f + r = 4*r + 24, -5*r - 17 = f. Suppose -b = 4*d - 3 + 7, f*b + 1 = -d. Suppose b*o + 112 = 4*o. Calculate the remainder when o is divided by 10.
8
What is the remainder when ((-604)/(-3) - 0) + (-245)/735 is divided by 34?
31
Let j(p) = -p**2 + 9*p - 1. Let c be j(4). Suppose 5*d = 5*w - 75, -w = 5*d - 4*d - c. What is the remainder when 66 is divided by w?
15
Let v(d) = d**2 - 4*d - 7. Let q be v(9). Let t = q - 13. Let y(x) = x**3 + x**2 + x + 14. What is the remainder when t is divided by y(0)?
11
Let k = 171 + -146. What is the remainder when 123 is divided by k?
23
Calculate the remainder when 60 is divided by 21 - 9/(-8 + 9).
0
Calculate the remainder when (-4)/(-3)*(-891)/(-36) is divided by 10.
3
Let k(r) = -2*r**2 - 88*r + 289. What is the remainder when 40 is divided by k(-47)?
5
Suppose 0 = -2*c - 3*c + 100. Let h = -154 - -228. What is the remainder when h is divided by c?
14
Let t be 0 + 44 - 21/7. Let z = 50 - t. Calculate the remainder when 33 is divided by z.
6
Suppose 0*r + 18 = 3*r. Suppose 12*c - 9*c = r. What is the remainder when 19 is divided by c?
1
Let z(w) = -w**2 - 6*w - 4. Let q be z(-4). Let j be (-2)/4*(0 + -4). Suppose h = -d + 41, -q*d + j*d = 10. What is the remainder when h is divided by 16?
14
Suppose -d = -3*z - 31, -2*z - 127 = -5*d - z. Suppose -d + 9 = -2*f. Let c(y) = y**3 + 7*y**2 + 2*y. What is the remainder when c(-3) is divided by f?
6
Let l(h) = h**2 - 3*h - 8. Let d(i) = -i**2 - 5*i - 4. Let f be d(-5). What is the remainder when ((-58)/f)/((-1)/(-2)) is divided by l(6)?
9
Let a = -10 - -14. Suppose -l + 2*l - 35 = -5*k, -a*k = -2*l - 42. Let g = 14 + 17. Calculate the remainder when g is divided by k.
7
Suppose -12 = -4*v + 5*y, -y = -6*y + 20. Let w = v + 26. Calculate the remainder when w is divided by 12.
10
Let y = -132 - -137. Calculate the remainder when 22 is divided by y.
2
Let z(x) = 15*x + 259. Calculate the remainder when 69 is divided by z(-16).
12
Let x(u) = u**3 - 7*u - 8. What is the remainder when 39 is divided by x(4)?
11
Suppose y = 2*y - 32. Let f(a) = -a**3 - 8*a**2 - 2*a + 7. Let c be f(-8). Let k = c + -12. What is the remainder when y is divided by k?
10
Let f(a) = 3*a**3 + 9*a**2 + a + 3. Let c be f(3). Let b = -156 + c. Suppose -4*x + 103 = -129. Calculate the remainder when x is divided by b.
10
Let j = 131 + -121. Suppose 2*a + j = 162. Calculate the remainder when a is divided by 27.
22
Suppose -336 - 219 = -5*o. Calculate the remainder when o is divided by (-4480)/480*(-2 - (-5)/4).
6
Suppose 4*c = 4*m - 68, c + 8 = 2*m - 28. Let i(b) = 4*b - 17. What is the remainder when i(18) is divided by m?
17
Suppose 0 = -4*g + 4*t + 676, 4*g - 3*t + 2*t - 673 = 0. What is the remainder when g is divided by 50?
18
Suppose 2*a + 4 = 12. Let v(z) = z**3 + 14*z**2 + 11*z - 11. What is the remainder when v(-13) is divided by a?
3
Let m = 1240 + -1229. Suppose -7 = 2*s - 5*d, -4*d = 4*s - 2*d - 22. What is the remainder when m is divided by s?
3
Let x = 1187 + -991. Calculate the remainder when x is divided by 51.
43
Let b(t) = -3*t - 54. Calculate the remainder when 17 is divided by b(-21).
8
Suppose p + 8 = 4, -9 = -a + p. Suppose 2*h = -2*h + 108. Calculate the remainder when h is divided by a.
2
Let u = 640 - 635. What is the remainder when (-1)/4 - 195/(-12) is divided by u?
1
Suppose -2*n - 2*g - 1 = -13, 5*g = 2*n - 5. Suppose 24 = n*d - d. Calculate the remainder when (-3)/(-5) + (-1278)/(-45) is divided by d.
5
Let j(m) = -m**2 - 10*m + 3. Let x be j(-5). Suppose 3*q + 0*q - 80 = 4*g, -q + g + x = 0. What is the remainder when 61 is divided by q?
29
Suppose -9 = -4*p + 3. Suppose 0 = 3*n - 2*z - 6 - 1, 3*n - p*z - 12 = 0. Calculate the remainder when 61 + n + (-4 - -1) is divided by 15.
12
Let o = 541 + -514. Calculate the remainder when o is divided by 5.
2
Suppose c + 2*k - 17 = 0, -3*k + 7 + 5 = 0. Suppose 0 = -c*q + 6*q + 261. Calculate the remainder when q is divided by 22.
21
Suppose 0 = 5*q + 20, -q + 6 - 1 = c. Let i = c - 5. Suppose 0 = -0*b + 4*b - i. Calculate the remainder when 6 is divided by b.
0
Let z be (-1)/((-14)/(-4) + 1 + -5). Calculate the remainder when 7 + 105/(-14) + 33/z is divided by 7.
2
Let k = -4 - 34. Let h = -29 - k. What is the remainder when 30 is divided by h?
3
Suppose -u - 4 = t - 11, -4*u - 2*t + 32 = 0. Calculate the remainder when (-1044)/(-15) - 8/(-20) is divided by u.
7
Let p(k) = -k**3 - 2*k**2 + 2*k + 1. Let o be p(-3). Suppose 0 = 2*y - o*y, -2*m + 14 = y. Let a = 24 - m. Calculate the remainder when 33 is divided by a.
16
Let g = 165 - -10. Suppose 7*k + 0*k - g = 0. What is the remainder when 46 is divided by k?
21
Let u = 83 + -79. Suppose u*c + z = -c + 267, -102 = -2*c + 2*z. Calculate the remainder when 262 is divided by c.
50
What is the remainder when 27 is divided by (-4)/(-3)*(-81)/(-216)*20?
7
Let o = 29 + -29. Suppose o*q + 29 = q. What is the remainder when 55 is divided by q?
26
Let r be 3*(4 - (-7)/(-3)). Suppose r*l = 4*j - 404, l - 107 = 3*j - 399. What is the remainder when j is divided by 14?
12
Let k(q) = -q. Let y = -95 - -102. Suppose 0 = 3*i + 2*t, 0 = i + 4*t + 3 + y. Calculate the remainder when k(-6) is divided by i.
0
Let x be (-1)/(1 + 6/(-3)). Let g be (-1 + x)*(-3)/6. Suppose 0 = -g*m + 4*m - 112. What is the remainder when 111 is divided by m?
27
What is the remainder when 151/((4 - 5)/(-1)) is divided by 14?
11
What is the remainder when ((-165)/(-132))/((-2)/(-40)*1) is divided by 9?
7
Let s(u) = u**3 + 3*u**2 + u - 1. Let c be s(-4). What is the remainder when ((-3)/(3/(-1)) + c)/(-1) is divided by 12?
8
Suppose 8*n = 11*n - 12, -2*p - 5*n + 50 = 0. What is the remainder when p is divided by 10?
5
Let g(z) = -5*z + 5. Let w be g(0). Suppose -4*r + a + 413 = -14, 0 = 3*r - w*a - 316. Calculate the remainder when r is divided by 56.
51
Suppose -v + 4*q + 52 = 0, 25 = 5*v - 2*q - 163. Let c = -24 + v. Calculate the remainder when 19 is divided by c.
7
Let m = 89 + -8. Let c = m + -50. Let l = -24 + c. What is the remainder when 24 is divided by l?
3
Suppose 41*z - 3067 = 664. What is the remainder when z is divided by 33?
25
Suppose h - 191 = 295. Suppose -h = -20*u + 17*u. What is the remainder when u is divided by 56?
50
Suppose 4*r = -r + 35. Suppose -r - 41 = -3*z. Calculate the remainder when z is divided by 2 - (1/(-1) - (-12)/(-4)).
4
Suppose -50 = 2*p - 3*p. Suppose -2 - p = -4*y + 4*h, 15 = -5*h. Calculate the remainder when 33 is divided by (-124)/(-10) + (-4)/y.
9
Suppose 17 = -4*x + 13. Calculate the remainder when 64 is divided by 11*(2 + x + 2).
31
Let g be 6*1/(-5)*-5. Let q(d) = 0 + 3*d**3 - 2*d**3 - 4*d**2 - 6*d - 5. Calculate the remainder when q(g) is divided by 17.
14
Calculate the remainder when 99 is divided by (-24)/(-5)*(-3)/12*-10.
3
Suppose 0 = 19*x - 85 - 162. Suppose -7 - 68 = -3*c. Calculate the remainder when c is divided by x.
12
Let k = 15 + -12. Let x(n) = -n + k*n**2 - 3*n + 0*n**2 + n**3 - 4 + 9. What is the remainder when 14 is divided by x(-4)?
4
Suppose -5*d = -6*d + 19. Let w = -10 + 15. Suppose -2*j + 2*k = -7*j + 44, -w*k - 65 = -5*j. Calculate the remainder when d is divided by j.
9
Suppose -4*j + 456 = -96. Calculate the remainder when j is divided by 28.
26
Let t be (-533)/(-169) + (-4)/26. Suppose u = -4*p - t*u + 40, -3*p = 2*u - 32. What is the remainder when (-4 - -22)*p/9 is divided by 9?
6
Let h(v) = 13*v - 7*v - 5*v - 11*v - 30. Suppose 0*o = 2*o - 118. What is the remainder when o is divided by h(-6)?
29
Let u(y) = y**2 + 4*y. Let w(q) = -17*q + 4. Let k be w(-4). Suppose 5*p = -4*p + k. What is the remainder when u(3) is divided by p?
5
Let j(h) = h**3 + 37*h**2 - 77*h + 89. Calculate the remainder when j(-39) is divided by 17.
16
Suppose 0*p = -2*p + 60. Suppose -810 = -23*b - 442. Calculate the remainder when p is divided by b.
14
Let l(m) = m**3 + 8*m**2 + 7*m + 2. Let k be l(-7). Suppose -k*h + 141 = -3. What is the remainder when h is divided by 19?
15
Suppose 0 = t + 78 - 36. Let f = -34 - t. What is the remainder when 22 is divided by f?
6
Let q(g) = g**3 + 2*g**2 - 